{"id":1128,"date":"2018-11-30T18:38:37","date_gmt":"2018-11-30T18:38:37","guid":{"rendered":"https:\/\/corposalud.merida.gob.ve\/?page_id=1128"},"modified":"2022-05-14T19:12:51","modified_gmt":"2022-05-14T19:12:51","slug":"organigramas-2","status":"publish","type":"page","link":"https:\/\/corposalud.merida.gob.ve\/index.php\/organigramas-2\/","title":{"rendered":"Organigramas"},"content":{"rendered":"\t\t<div data-elementor-type=\"wp-post\" data-elementor-id=\"1128\" class=\"elementor elementor-1128\" data-elementor-post-type=\"page\">\n\t\t\t\t\t\t<section class=\"has_eae_slider elementor-section elementor-top-section elementor-element elementor-element-5d5fa32 elementor-section-stretched elementor-section-full_width elementor-section-height-default elementor-section-height-default\" data-id=\"5d5fa32\" data-element_type=\"section\" data-settings=\"{&quot;stretch_section&quot;:&quot;section-stretched&quot;}\">\n\t\t\t\t\t\t<div class=\"elementor-container elementor-column-gap-default\">\n\t\t\t\t\t<div class=\"has_eae_slider elementor-column elementor-col-100 elementor-top-column elementor-element elementor-element-cc8a885\" data-id=\"cc8a885\" data-element_type=\"column\">\n\t\t\t<div class=\"elementor-widget-wrap elementor-element-populated\">\n\t\t\t\t\t\t<div class=\"elementor-element elementor-element-ce6796e elementor-widget elementor-widget-spacer\" data-id=\"ce6796e\" data-element_type=\"widget\" data-widget_type=\"spacer.default\">\n\t\t\t\t<div class=\"elementor-widget-container\">\n\t\t\t\t\t\t\t<div class=\"elementor-spacer\">\n\t\t\t<div class=\"elementor-spacer-inner\"><\/div>\n\t\t<\/div>\n\t\t\t\t\t\t<\/div>\n\t\t\t\t<\/div>\n\t\t\t\t<div class=\"elementor-element elementor-element-4fe8270 elementor-arrows-position-inside elementor-pagination-position-outside elementor-widget elementor-widget-image-carousel\" data-id=\"4fe8270\" data-element_type=\"widget\" data-settings=\"{&quot;image_spacing_custom&quot;:{&quot;unit&quot;:&quot;px&quot;,&quot;size&quot;:5,&quot;sizes&quot;:[]},&quot;navigation&quot;:&quot;both&quot;,&quot;autoplay&quot;:&quot;yes&quot;,&quot;pause_on_hover&quot;:&quot;yes&quot;,&quot;pause_on_interaction&quot;:&quot;yes&quot;,&quot;autoplay_speed&quot;:5000,&quot;infinite&quot;:&quot;yes&quot;,&quot;speed&quot;:500,&quot;image_spacing_custom_tablet&quot;:{&quot;unit&quot;:&quot;px&quot;,&quot;size&quot;:&quot;&quot;,&quot;sizes&quot;:[]},&quot;image_spacing_custom_mobile&quot;:{&quot;unit&quot;:&quot;px&quot;,&quot;size&quot;:&quot;&quot;,&quot;sizes&quot;:[]}}\" data-widget_type=\"image-carousel.default\">\n\t\t\t\t<div class=\"elementor-widget-container\">\n\t\t\t\t\t\t\t<div class=\"elementor-image-carousel-wrapper swiper\" role=\"region\" aria-roledescription=\"carousel\" aria-label=\"Carrusel de im\u00e1genes\" dir=\"ltr\">\n\t\t\t<div class=\"elementor-image-carousel swiper-wrapper\" aria-live=\"off\">\n\t\t\t\t\t\t\t\t<div class=\"swiper-slide\" role=\"group\" aria-roledescription=\"slide\" aria-label=\"1 de 15\"><a data-elementor-open-lightbox=\"yes\" data-elementor-lightbox-slideshow=\"4fe8270\" data-elementor-lightbox-title=\"COPIA ORGANIGRAMA CORPOSALUD\" data-e-action-hash=\"#elementor-action%3Aaction%3Dlightbox%26settings%3DeyJpZCI6NTEzOSwidXJsIjoiaHR0cHM6XC9cL2NvcnBvc2FsdWQubWVyaWRhLmdvYi52ZVwvd3AtY29udGVudFwvdXBsb2Fkc1wvMjAyMlwvMDNcL0NPUElBLU9SR0FOSUdSQU1BLUNPUlBPU0FMVUQucG5nIiwic2xpZGVzaG93IjoiNGZlODI3MCJ9\" href=\"https:\/\/corposalud.merida.gob.ve\/wp-content\/uploads\/2022\/03\/COPIA-ORGANIGRAMA-CORPOSALUD.png\"><figure class=\"swiper-slide-inner\"><img decoding=\"async\" class=\"swiper-slide-image\" src=\"https:\/\/corposalud.merida.gob.ve\/wp-content\/uploads\/2022\/03\/COPIA-ORGANIGRAMA-CORPOSALUD-768x593.png\" alt=\"COPIA ORGANIGRAMA CORPOSALUD\" \/><\/figure><\/a><\/div><div class=\"swiper-slide\" role=\"group\" aria-roledescription=\"slide\" aria-label=\"2 de 15\"><a data-elementor-open-lightbox=\"yes\" data-elementor-lightbox-slideshow=\"4fe8270\" data-elementor-lightbox-title=\"1\" data-e-action-hash=\"#elementor-action%3Aaction%3Dlightbox%26settings%3DeyJpZCI6NTc3MCwidXJsIjoiaHR0cHM6XC9cL2NvcnBvc2FsdWQubWVyaWRhLmdvYi52ZVwvd3AtY29udGVudFwvdXBsb2Fkc1wvMjAyMlwvMDVcLzEtc2NhbGVkLmpwZyIsInNsaWRlc2hvdyI6IjRmZTgyNzAifQ%3D%3D\" href=\"https:\/\/corposalud.merida.gob.ve\/wp-content\/uploads\/2022\/05\/1-scaled.jpg\"><figure class=\"swiper-slide-inner\"><img decoding=\"async\" class=\"swiper-slide-image\" src=\"https:\/\/corposalud.merida.gob.ve\/wp-content\/uploads\/2022\/05\/1-768x593.jpg\" alt=\"1\" \/><\/figure><\/a><\/div><div class=\"swiper-slide\" role=\"group\" aria-roledescription=\"slide\" aria-label=\"3 de 15\"><a data-elementor-open-lightbox=\"yes\" data-elementor-lightbox-slideshow=\"4fe8270\" data-elementor-lightbox-title=\"2\" data-e-action-hash=\"#elementor-action%3Aaction%3Dlightbox%26settings%3DeyJpZCI6NTc3MSwidXJsIjoiaHR0cHM6XC9cL2NvcnBvc2FsdWQubWVyaWRhLmdvYi52ZVwvd3AtY29udGVudFwvdXBsb2Fkc1wvMjAyMlwvMDVcLzItc2NhbGVkLmpwZyIsInNsaWRlc2hvdyI6IjRmZTgyNzAifQ%3D%3D\" href=\"https:\/\/corposalud.merida.gob.ve\/wp-content\/uploads\/2022\/05\/2-scaled.jpg\"><figure class=\"swiper-slide-inner\"><img decoding=\"async\" class=\"swiper-slide-image\" src=\"https:\/\/corposalud.merida.gob.ve\/wp-content\/uploads\/2022\/05\/2-768x593.jpg\" alt=\"2\" \/><\/figure><\/a><\/div><div class=\"swiper-slide\" role=\"group\" aria-roledescription=\"slide\" aria-label=\"4 de 15\"><a data-elementor-open-lightbox=\"yes\" data-elementor-lightbox-slideshow=\"4fe8270\" data-elementor-lightbox-title=\"4\" data-e-action-hash=\"#elementor-action%3Aaction%3Dlightbox%26settings%3DeyJpZCI6NTc3MiwidXJsIjoiaHR0cHM6XC9cL2NvcnBvc2FsdWQubWVyaWRhLmdvYi52ZVwvd3AtY29udGVudFwvdXBsb2Fkc1wvMjAyMlwvMDVcLzQtc2NhbGVkLmpwZyIsInNsaWRlc2hvdyI6IjRmZTgyNzAifQ%3D%3D\" href=\"https:\/\/corposalud.merida.gob.ve\/wp-content\/uploads\/2022\/05\/4-scaled.jpg\"><figure class=\"swiper-slide-inner\"><img decoding=\"async\" class=\"swiper-slide-image\" src=\"https:\/\/corposalud.merida.gob.ve\/wp-content\/uploads\/2022\/05\/4-768x593.jpg\" alt=\"4\" \/><\/figure><\/a><\/div><div class=\"swiper-slide\" role=\"group\" aria-roledescription=\"slide\" aria-label=\"5 de 15\"><a data-elementor-open-lightbox=\"yes\" data-elementor-lightbox-slideshow=\"4fe8270\" data-elementor-lightbox-title=\"5\" data-e-action-hash=\"#elementor-action%3Aaction%3Dlightbox%26settings%3DeyJpZCI6NTc3MywidXJsIjoiaHR0cHM6XC9cL2NvcnBvc2FsdWQubWVyaWRhLmdvYi52ZVwvd3AtY29udGVudFwvdXBsb2Fkc1wvMjAyMlwvMDVcLzUtc2NhbGVkLmpwZyIsInNsaWRlc2hvdyI6IjRmZTgyNzAifQ%3D%3D\" href=\"https:\/\/corposalud.merida.gob.ve\/wp-content\/uploads\/2022\/05\/5-scaled.jpg\"><figure class=\"swiper-slide-inner\"><img decoding=\"async\" class=\"swiper-slide-image\" src=\"https:\/\/corposalud.merida.gob.ve\/wp-content\/uploads\/2022\/05\/5-768x593.jpg\" alt=\"5\" \/><\/figure><\/a><\/div><div class=\"swiper-slide\" role=\"group\" aria-roledescription=\"slide\" aria-label=\"6 de 15\"><a data-elementor-open-lightbox=\"yes\" data-elementor-lightbox-slideshow=\"4fe8270\" data-elementor-lightbox-title=\"6\" data-e-action-hash=\"#elementor-action%3Aaction%3Dlightbox%26settings%3DeyJpZCI6NTc3NCwidXJsIjoiaHR0cHM6XC9cL2NvcnBvc2FsdWQubWVyaWRhLmdvYi52ZVwvd3AtY29udGVudFwvdXBsb2Fkc1wvMjAyMlwvMDVcLzYtc2NhbGVkLmpwZyIsInNsaWRlc2hvdyI6IjRmZTgyNzAifQ%3D%3D\" href=\"https:\/\/corposalud.merida.gob.ve\/wp-content\/uploads\/2022\/05\/6-scaled.jpg\"><figure class=\"swiper-slide-inner\"><img decoding=\"async\" class=\"swiper-slide-image\" src=\"https:\/\/corposalud.merida.gob.ve\/wp-content\/uploads\/2022\/05\/6-768x593.jpg\" alt=\"6\" \/><\/figure><\/a><\/div><div class=\"swiper-slide\" role=\"group\" aria-roledescription=\"slide\" aria-label=\"7 de 15\"><a data-elementor-open-lightbox=\"yes\" data-elementor-lightbox-slideshow=\"4fe8270\" data-elementor-lightbox-title=\"7\" data-e-action-hash=\"#elementor-action%3Aaction%3Dlightbox%26settings%3DeyJpZCI6NTc3NSwidXJsIjoiaHR0cHM6XC9cL2NvcnBvc2FsdWQubWVyaWRhLmdvYi52ZVwvd3AtY29udGVudFwvdXBsb2Fkc1wvMjAyMlwvMDVcLzctc2NhbGVkLmpwZyIsInNsaWRlc2hvdyI6IjRmZTgyNzAifQ%3D%3D\" href=\"https:\/\/corposalud.merida.gob.ve\/wp-content\/uploads\/2022\/05\/7-scaled.jpg\"><figure class=\"swiper-slide-inner\"><img decoding=\"async\" class=\"swiper-slide-image\" src=\"https:\/\/corposalud.merida.gob.ve\/wp-content\/uploads\/2022\/05\/7-768x593.jpg\" alt=\"7\" \/><\/figure><\/a><\/div><div class=\"swiper-slide\" role=\"group\" aria-roledescription=\"slide\" aria-label=\"8 de 15\"><a data-elementor-open-lightbox=\"yes\" data-elementor-lightbox-slideshow=\"4fe8270\" data-elementor-lightbox-title=\"8\" data-e-action-hash=\"#elementor-action%3Aaction%3Dlightbox%26settings%3DeyJpZCI6NTc3NiwidXJsIjoiaHR0cHM6XC9cL2NvcnBvc2FsdWQubWVyaWRhLmdvYi52ZVwvd3AtY29udGVudFwvdXBsb2Fkc1wvMjAyMlwvMDVcLzgtc2NhbGVkLmpwZyIsInNsaWRlc2hvdyI6IjRmZTgyNzAifQ%3D%3D\" href=\"https:\/\/corposalud.merida.gob.ve\/wp-content\/uploads\/2022\/05\/8-scaled.jpg\"><figure class=\"swiper-slide-inner\"><img decoding=\"async\" class=\"swiper-slide-image\" src=\"https:\/\/corposalud.merida.gob.ve\/wp-content\/uploads\/2022\/05\/8-768x593.jpg\" alt=\"8\" \/><\/figure><\/a><\/div><div class=\"swiper-slide\" role=\"group\" aria-roledescription=\"slide\" aria-label=\"9 de 15\"><a data-elementor-open-lightbox=\"yes\" data-elementor-lightbox-slideshow=\"4fe8270\" data-elementor-lightbox-title=\"9\" data-e-action-hash=\"#elementor-action%3Aaction%3Dlightbox%26settings%3DeyJpZCI6NTc3NywidXJsIjoiaHR0cHM6XC9cL2NvcnBvc2FsdWQubWVyaWRhLmdvYi52ZVwvd3AtY29udGVudFwvdXBsb2Fkc1wvMjAyMlwvMDVcLzktc2NhbGVkLmpwZyIsInNsaWRlc2hvdyI6IjRmZTgyNzAifQ%3D%3D\" href=\"https:\/\/corposalud.merida.gob.ve\/wp-content\/uploads\/2022\/05\/9-scaled.jpg\"><figure class=\"swiper-slide-inner\"><img decoding=\"async\" class=\"swiper-slide-image\" src=\"https:\/\/corposalud.merida.gob.ve\/wp-content\/uploads\/2022\/05\/9-768x593.jpg\" alt=\"9\" \/><\/figure><\/a><\/div><div class=\"swiper-slide\" role=\"group\" aria-roledescription=\"slide\" aria-label=\"10 de 15\"><a data-elementor-open-lightbox=\"yes\" data-elementor-lightbox-slideshow=\"4fe8270\" data-elementor-lightbox-title=\"11\" data-e-action-hash=\"#elementor-action%3Aaction%3Dlightbox%26settings%3DeyJpZCI6NTc3OCwidXJsIjoiaHR0cHM6XC9cL2NvcnBvc2FsdWQubWVyaWRhLmdvYi52ZVwvd3AtY29udGVudFwvdXBsb2Fkc1wvMjAyMlwvMDVcLzExLXNjYWxlZC5qcGciLCJzbGlkZXNob3ciOiI0ZmU4MjcwIn0%3D\" href=\"https:\/\/corposalud.merida.gob.ve\/wp-content\/uploads\/2022\/05\/11-scaled.jpg\"><figure class=\"swiper-slide-inner\"><img decoding=\"async\" class=\"swiper-slide-image\" src=\"https:\/\/corposalud.merida.gob.ve\/wp-content\/uploads\/2022\/05\/11-768x593.jpg\" alt=\"11\" \/><\/figure><\/a><\/div><div class=\"swiper-slide\" role=\"group\" aria-roledescription=\"slide\" aria-label=\"11 de 15\"><a data-elementor-open-lightbox=\"yes\" data-elementor-lightbox-slideshow=\"4fe8270\" data-elementor-lightbox-title=\"12\" data-e-action-hash=\"#elementor-action%3Aaction%3Dlightbox%26settings%3DeyJpZCI6NTc3OSwidXJsIjoiaHR0cHM6XC9cL2NvcnBvc2FsdWQubWVyaWRhLmdvYi52ZVwvd3AtY29udGVudFwvdXBsb2Fkc1wvMjAyMlwvMDVcLzEyLXNjYWxlZC5qcGciLCJzbGlkZXNob3ciOiI0ZmU4MjcwIn0%3D\" href=\"https:\/\/corposalud.merida.gob.ve\/wp-content\/uploads\/2022\/05\/12-scaled.jpg\"><figure class=\"swiper-slide-inner\"><img decoding=\"async\" class=\"swiper-slide-image\" src=\"https:\/\/corposalud.merida.gob.ve\/wp-content\/uploads\/2022\/05\/12-768x593.jpg\" alt=\"12\" \/><\/figure><\/a><\/div><div class=\"swiper-slide\" role=\"group\" aria-roledescription=\"slide\" aria-label=\"12 de 15\"><a data-elementor-open-lightbox=\"yes\" data-elementor-lightbox-slideshow=\"4fe8270\" data-elementor-lightbox-title=\"13\" data-e-action-hash=\"#elementor-action%3Aaction%3Dlightbox%26settings%3DeyJpZCI6NTc4MCwidXJsIjoiaHR0cHM6XC9cL2NvcnBvc2FsdWQubWVyaWRhLmdvYi52ZVwvd3AtY29udGVudFwvdXBsb2Fkc1wvMjAyMlwvMDVcLzEzLXNjYWxlZC5qcGciLCJzbGlkZXNob3ciOiI0ZmU4MjcwIn0%3D\" href=\"https:\/\/corposalud.merida.gob.ve\/wp-content\/uploads\/2022\/05\/13-scaled.jpg\"><figure class=\"swiper-slide-inner\"><img decoding=\"async\" class=\"swiper-slide-image\" src=\"https:\/\/corposalud.merida.gob.ve\/wp-content\/uploads\/2022\/05\/13-768x593.jpg\" alt=\"13\" \/><\/figure><\/a><\/div><div class=\"swiper-slide\" role=\"group\" aria-roledescription=\"slide\" aria-label=\"13 de 15\"><a data-elementor-open-lightbox=\"yes\" data-elementor-lightbox-slideshow=\"4fe8270\" data-elementor-lightbox-title=\"14\" data-e-action-hash=\"#elementor-action%3Aaction%3Dlightbox%26settings%3DeyJpZCI6NTc4MSwidXJsIjoiaHR0cHM6XC9cL2NvcnBvc2FsdWQubWVyaWRhLmdvYi52ZVwvd3AtY29udGVudFwvdXBsb2Fkc1wvMjAyMlwvMDVcLzE0LXNjYWxlZC5qcGciLCJzbGlkZXNob3ciOiI0ZmU4MjcwIn0%3D\" href=\"https:\/\/corposalud.merida.gob.ve\/wp-content\/uploads\/2022\/05\/14-scaled.jpg\"><figure class=\"swiper-slide-inner\"><img decoding=\"async\" class=\"swiper-slide-image\" src=\"https:\/\/corposalud.merida.gob.ve\/wp-content\/uploads\/2022\/05\/14-768x593.jpg\" alt=\"14\" \/><\/figure><\/a><\/div><div class=\"swiper-slide\" role=\"group\" aria-roledescription=\"slide\" aria-label=\"14 de 15\"><a data-elementor-open-lightbox=\"yes\" data-elementor-lightbox-slideshow=\"4fe8270\" data-elementor-lightbox-title=\"15\" data-e-action-hash=\"#elementor-action%3Aaction%3Dlightbox%26settings%3DeyJpZCI6NTc4MiwidXJsIjoiaHR0cHM6XC9cL2NvcnBvc2FsdWQubWVyaWRhLmdvYi52ZVwvd3AtY29udGVudFwvdXBsb2Fkc1wvMjAyMlwvMDVcLzE1LXNjYWxlZC5qcGciLCJzbGlkZXNob3ciOiI0ZmU4MjcwIn0%3D\" href=\"https:\/\/corposalud.merida.gob.ve\/wp-content\/uploads\/2022\/05\/15-scaled.jpg\"><figure class=\"swiper-slide-inner\"><img decoding=\"async\" class=\"swiper-slide-image\" src=\"https:\/\/corposalud.merida.gob.ve\/wp-content\/uploads\/2022\/05\/15-768x593.jpg\" alt=\"15\" \/><\/figure><\/a><\/div><div class=\"swiper-slide\" role=\"group\" aria-roledescription=\"slide\" aria-label=\"15 de 15\"><a data-elementor-open-lightbox=\"yes\" data-elementor-lightbox-slideshow=\"4fe8270\" data-elementor-lightbox-title=\"16\" data-e-action-hash=\"#elementor-action%3Aaction%3Dlightbox%26settings%3DeyJpZCI6NTc4MywidXJsIjoiaHR0cHM6XC9cL2NvcnBvc2FsdWQubWVyaWRhLmdvYi52ZVwvd3AtY29udGVudFwvdXBsb2Fkc1wvMjAyMlwvMDVcLzE2LXNjYWxlZC5qcGciLCJzbGlkZXNob3ciOiI0ZmU4MjcwIn0%3D\" href=\"https:\/\/corposalud.merida.gob.ve\/wp-content\/uploads\/2022\/05\/16-scaled.jpg\"><figure class=\"swiper-slide-inner\"><img decoding=\"async\" class=\"swiper-slide-image\" src=\"https:\/\/corposalud.merida.gob.ve\/wp-content\/uploads\/2022\/05\/16-768x593.jpg\" alt=\"16\" \/><\/figure><\/a><\/div>\t\t\t<\/div>\n\t\t\t\t\t\t\t\t\t\t\t\t<div class=\"elementor-swiper-button elementor-swiper-button-prev\" role=\"button\" tabindex=\"0\">\n\t\t\t\t\t\t<i aria-hidden=\"true\" class=\"eicon-chevron-left\"><\/i>\t\t\t\t\t<\/div>\n\t\t\t\t\t<div class=\"elementor-swiper-button elementor-swiper-button-next\" role=\"button\" tabindex=\"0\">\n\t\t\t\t\t\t<i aria-hidden=\"true\" class=\"eicon-chevron-right\"><\/i>\t\t\t\t\t<\/div>\n\t\t\t\t\n\t\t\t\t\t\t\t\t\t<div class=\"swiper-pagination\"><\/div>\n\t\t\t\t\t\t\t\t\t<\/div>\n\t\t\t\t\t\t<\/div>\n\t\t\t\t<\/div>\n\t\t\t\t<section class=\"has_eae_slider elementor-section elementor-inner-section elementor-element elementor-element-16417d6 elementor-hidden-desktop elementor-section-boxed elementor-section-height-default elementor-section-height-default\" data-id=\"16417d6\" data-element_type=\"section\">\n\t\t\t\t\t\t<div class=\"elementor-container elementor-column-gap-default\">\n\t\t\t\t\t<div class=\"has_eae_slider elementor-column elementor-col-100 elementor-inner-column elementor-element elementor-element-bd46f49\" data-id=\"bd46f49\" data-element_type=\"column\">\n\t\t\t<div class=\"elementor-widget-wrap elementor-element-populated\">\n\t\t\t\t\t\t<div class=\"elementor-element elementor-element-2c9592e elementor-align-center elementor-hidden-desktop elementor-icon-list--layout-traditional elementor-list-item-link-full_width elementor-widget elementor-widget-icon-list\" data-id=\"2c9592e\" data-element_type=\"widget\" data-widget_type=\"icon-list.default\">\n\t\t\t\t<div class=\"elementor-widget-container\">\n\t\t\t\t\t\t\t<ul class=\"elementor-icon-list-items\">\n\t\t\t\t\t\t\t<li class=\"elementor-icon-list-item\">\n\t\t\t\t\t\t\t\t\t\t\t<a href=\"https:\/\/corposalud.merida.gob.ve\/index.php\/politicas-generales\/\">\n\n\t\t\t\t\t\t\t\t\t\t\t<span class=\"elementor-icon-list-text\">1 CORPOSALUD <\/span>\n\t\t\t\t\t\t\t\t\t\t\t<\/a>\n\t\t\t\t\t\t\t\t\t<\/li>\n\t\t\t\t\t\t\t\t<li class=\"elementor-icon-list-item\">\n\t\t\t\t\t\t\t\t\t\t\t<a href=\"https:\/\/corposalud.merida.gob.ve\/index.php\/organigrama-micro-auditoria-interna\/\">\n\n\t\t\t\t\t\t\t\t\t\t\t<span class=\"elementor-icon-list-text\">2 AUDITORIA INTERNA <\/span>\n\t\t\t\t\t\t\t\t\t\t\t<\/a>\n\t\t\t\t\t\t\t\t\t<\/li>\n\t\t\t\t\t\t\t\t<li class=\"elementor-icon-list-item\">\n\t\t\t\t\t\t\t\t\t\t\t<a href=\"https:\/\/corposalud.merida.gob.ve\/index.php\/organigrama-micro-coordinacion-de-despacho\/\">\n\n\t\t\t\t\t\t\t\t\t\t\t<span class=\"elementor-icon-list-text\">3 COORDINACI\u00d3N DE DESPACHO<\/span>\n\t\t\t\t\t\t\t\t\t\t\t<\/a>\n\t\t\t\t\t\t\t\t\t<\/li>\n\t\t\t\t\t\t\t\t<li class=\"elementor-icon-list-item\">\n\t\t\t\t\t\t\t\t\t\t\t<a href=\"https:\/\/corposalud.merida.gob.ve\/index.php\/organigrama-micro-direccion-estrategica-de-seguimiento-y-evaluacion-de-politicas-publicas\/\">\n\n\t\t\t\t\t\t\t\t\t\t\t<span class=\"elementor-icon-list-text\">4 DESEPP<\/span>\n\t\t\t\t\t\t\t\t\t\t\t<\/a>\n\t\t\t\t\t\t\t\t\t<\/li>\n\t\t\t\t\t\t\t\t<li class=\"elementor-icon-list-item\">\n\t\t\t\t\t\t\t\t\t\t\t<a href=\"https:\/\/corposalud.merida.gob.ve\/index.php\/organigrama-micro-direccion-de-gestion-medica-administrativa\/\">\n\n\t\t\t\t\t\t\t\t\t\t\t<span class=\"elementor-icon-list-text\">5 DIRECCI\u00d3N M\u00c9DICA ADMINISTRATIVA <\/span>\n\t\t\t\t\t\t\t\t\t\t\t<\/a>\n\t\t\t\t\t\t\t\t\t<\/li>\n\t\t\t\t\t\t\t\t<li class=\"elementor-icon-list-item\">\n\t\t\t\t\t\t\t\t\t\t\t<a href=\"https:\/\/corposalud.merida.gob.ve\/index.php\/organigrama-micro-direccion-de-redes-de-salud-colectiva-y-salud-integral\/\">\n\n\t\t\t\t\t\t\t\t\t\t\t<span class=\"elementor-icon-list-text\">6 DIRECCI\u00d3N DE REDES DE SALUD COLECTIVA <\/span>\n\t\t\t\t\t\t\t\t\t\t\t<\/a>\n\t\t\t\t\t\t\t\t\t<\/li>\n\t\t\t\t\t\t\t\t<li class=\"elementor-icon-list-item\">\n\t\t\t\t\t\t\t\t\t\t\t<a href=\"https:\/\/corposalud.merida.gob.ve\/index.php\/organigrama-micro-coordinacion-estadal-de-epidemiologia\/\">\n\n\t\t\t\t\t\t\t\t\t\t\t<span class=\"elementor-icon-list-text\">7 COORDINACI\u00d3N ESTADAL DE EPIDEMIOLOGIA<\/span>\n\t\t\t\t\t\t\t\t\t\t\t<\/a>\n\t\t\t\t\t\t\t\t\t<\/li>\n\t\t\t\t\t\t\t\t<li class=\"elementor-icon-list-item\">\n\t\t\t\t\t\t\t\t\t\t\t<a href=\"https:\/\/corposalud.merida.gob.ve\/index.php\/organigrama-micro-coordinacion-estadal-de-programas\/\">\n\n\t\t\t\t\t\t\t\t\t\t\t<span class=\"elementor-icon-list-text\">8 COORDINACI\u00d3N ESTADAL DE PROGRAMAS <\/span>\n\t\t\t\t\t\t\t\t\t\t\t<\/a>\n\t\t\t\t\t\t\t\t\t<\/li>\n\t\t\t\t\t\t\t\t<li class=\"elementor-icon-list-item\">\n\t\t\t\t\t\t\t\t\t\t\t<a href=\"https:\/\/corposalud.merida.gob.ve\/index.php\/organigrama-micro-direccion-de-redes-de-salud-ambulatoria-y-hospitalaria\/\">\n\n\t\t\t\t\t\t\t\t\t\t\t<span class=\"elementor-icon-list-text\">9 DIRECCI\u00d3N DE REDES DE SALUD AMBULATORIA Y HOSPITALARIA<\/span>\n\t\t\t\t\t\t\t\t\t\t\t<\/a>\n\t\t\t\t\t\t\t\t\t<\/li>\n\t\t\t\t\t\t\t\t<li class=\"elementor-icon-list-item\">\n\t\t\t\t\t\t\t\t\t\t\t<a href=\"https:\/\/corposalud.merida.gob.ve\/index.php\/organigrama-micro-direccion-de-planificacion-y-presupuesto\/\">\n\n\t\t\t\t\t\t\t\t\t\t\t<span class=\"elementor-icon-list-text\">10 DIRECI\u00d3N DE PLANIFICACI\u00d3N Y PRESUPUESTO<\/span>\n\t\t\t\t\t\t\t\t\t\t\t<\/a>\n\t\t\t\t\t\t\t\t\t<\/li>\n\t\t\t\t\t\t\t\t<li class=\"elementor-icon-list-item\">\n\t\t\t\t\t\t\t\t\t\t\t<a href=\"https:\/\/corposalud.merida.gob.ve\/index.php\/organigrama-micro-direccion-de-gestion-de-talento-humano\/\">\n\n\t\t\t\t\t\t\t\t\t\t\t<span class=\"elementor-icon-list-text\">11 DIRECCI\u00d3N DE TALENTO HUMANO<\/span>\n\t\t\t\t\t\t\t\t\t\t\t<\/a>\n\t\t\t\t\t\t\t\t\t<\/li>\n\t\t\t\t\t\t\t\t<li class=\"elementor-icon-list-item\">\n\t\t\t\t\t\t\t\t\t\t\t<a href=\"https:\/\/corposalud.merida.gob.ve\/index.php\/organigrama-micro-coordinacion-de-egreso-y-movimiento-de-personal\/\">\n\n\t\t\t\t\t\t\t\t\t\t\t<span class=\"elementor-icon-list-text\">12 COORDINACI\u00d3N DE EGRESO Y MOVIMIENTO DE PERSONAL<\/span>\n\t\t\t\t\t\t\t\t\t\t\t<\/a>\n\t\t\t\t\t\t\t\t\t<\/li>\n\t\t\t\t\t\t\t\t<li class=\"elementor-icon-list-item\">\n\t\t\t\t\t\t\t\t\t\t\t<a href=\"https:\/\/corposalud.merida.gob.ve\/index.php\/organigrama-micro-coordinacion-personal-empleado\/\">\n\n\t\t\t\t\t\t\t\t\t\t\t<span class=\"elementor-icon-list-text\">13 COORDINACI\u00d3N DE EMPLEADOS<\/span>\n\t\t\t\t\t\t\t\t\t\t\t<\/a>\n\t\t\t\t\t\t\t\t\t<\/li>\n\t\t\t\t\t\t\t\t<li class=\"elementor-icon-list-item\">\n\t\t\t\t\t\t\t\t\t\t\t<a href=\"https:\/\/corposalud.merida.gob.ve\/index.php\/organigrama-micro-coordinacion-personal-obrero\/\">\n\n\t\t\t\t\t\t\t\t\t\t\t<span class=\"elementor-icon-list-text\">14 COORDINACI\u00d3N DE OBREROS<\/span>\n\t\t\t\t\t\t\t\t\t\t\t<\/a>\n\t\t\t\t\t\t\t\t\t<\/li>\n\t\t\t\t\t\t\t\t<li class=\"elementor-icon-list-item\">\n\t\t\t\t\t\t\t\t\t\t\t<a href=\"https:\/\/corposalud.merida.gob.ve\/index.php\/organigrama-micro-direccion-de-gestion-administrativa\/\">\n\n\t\t\t\t\t\t\t\t\t\t\t<span class=\"elementor-icon-list-text\">15 GESTI\u00d3N ADMINISTRATIVA <\/span>\n\t\t\t\t\t\t\t\t\t\t\t<\/a>\n\t\t\t\t\t\t\t\t\t<\/li>\n\t\t\t\t\t\t\t\t<li class=\"elementor-icon-list-item\">\n\t\t\t\t\t\t\t\t\t\t\t<a href=\"https:\/\/corposalud.merida.gob.ve\/index.php\/organigrama-micro-coordinacion-de-servicios-generales\/\">\n\n\t\t\t\t\t\t\t\t\t\t\t<span class=\"elementor-icon-list-text\">16 SERVICIOS GENERALES<\/span>\n\t\t\t\t\t\t\t\t\t\t\t<\/a>\n\t\t\t\t\t\t\t\t\t<\/li>\n\t\t\t\t\t\t<\/ul>\n\t\t\t\t\t\t<\/div>\n\t\t\t\t<\/div>\n\t\t\t\t\t<\/div>\n\t\t<\/div>\n\t\t\t\t\t<\/div>\n\t\t<\/section>\n\t\t\t\t\t<\/div>\n\t\t<\/div>\n\t\t\t\t\t<\/div>\n\t\t<\/section>\n\t\t\t\t<\/div>\n\t\t","protected":false},"excerpt":{"rendered":"<p>Anterior Siguiente 1 CORPOSALUD 2 AUDITORIA INTERNA 3 COORDINACI\u00d3N DE DESPACHO 4 DESEPP 5 DIRECCI\u00d3N M\u00c9DICA ADMINISTRATIVA 6 DIRECCI\u00d3N DE REDES DE SALUD COLECTIVA 7 COORDINACI\u00d3N ESTADAL DE EPIDEMIOLOGIA 8 COORDINACI\u00d3N ESTADAL DE PROGRAMAS 9 DIRECCI\u00d3N DE REDES DE SALUD AMBULATORIA Y HOSPITALARIA 10 DIRECI\u00d3N DE PLANIFICACI\u00d3N Y PRESUPUESTO 11 DIRECCI\u00d3N DE TALENTO HUMANO 12 [&hellip;]<\/p>\n","protected":false},"author":4,"featured_media":0,"parent":0,"menu_order":0,"comment_status":"closed","ping_status":"closed","template":"elementor_header_footer","meta":{"_monsterinsights_skip_tracking":false,"_monsterinsights_sitenote_active":false,"_monsterinsights_sitenote_note":"","_monsterinsights_sitenote_category":0,"site-sidebar-layout":"default","site-content-layout":"","ast-site-content-layout":"default","site-content-style":"default","site-sidebar-style":"default","ast-global-header-display":"","ast-banner-title-visibility":"","ast-main-header-display":"","ast-hfb-above-header-display":"","ast-hfb-below-header-display":"","ast-hfb-mobile-header-display":"","site-post-title":"","ast-breadcrumbs-content":"","ast-featured-img":"","footer-sml-layout":"","ast-disable-related-posts":"","theme-transparent-header-meta":"","adv-header-id-meta":"","stick-header-meta":"","header-above-stick-meta":"","header-main-stick-meta":"","header-below-stick-meta":"","astra-migrate-meta-layouts":"default","ast-page-background-enabled":"default","ast-page-background-meta":{"desktop":{"background-color":"","background-image":"","background-repeat":"repeat","background-position":"center center","background-size":"auto","background-attachment":"scroll","background-type":"","background-media":"","overlay-type":"","overlay-color":"","overlay-opacity":"","overlay-gradient":""},"tablet":{"background-color":"","background-image":"","background-repeat":"repeat","background-position":"center center","background-size":"auto","background-attachment":"scroll","background-type":"","background-media":"","overlay-type":"","overlay-color":"","overlay-opacity":"","overlay-gradient":""},"mobile":{"background-color":"","background-image":"","background-repeat":"repeat","background-position":"center center","background-size":"auto","background-attachment":"scroll","background-type":"","background-media":"","overlay-type":"","overlay-color":"","overlay-opacity":"","overlay-gradient":""}},"ast-content-background-meta":{"desktop":{"background-color":"var(--ast-global-color-5)","background-image":"","background-repeat":"repeat","background-position":"center center","background-size":"auto","background-attachment":"scroll","background-type":"","background-media":"","overlay-type":"","overlay-color":"","overlay-opacity":"","overlay-gradient":""},"tablet":{"background-color":"var(--ast-global-color-5)","background-image":"","background-repeat":"repeat","background-position":"center center","background-size":"auto","background-attachment":"scroll","background-type":"","background-media":"","overlay-type":"","overlay-color":"","overlay-opacity":"","overlay-gradient":""},"mobile":{"background-color":"var(--ast-global-color-5)","background-image":"","background-repeat":"repeat","background-position":"center center","background-size":"auto","background-attachment":"scroll","background-type":"","background-media":"","overlay-type":"","overlay-color":"","overlay-opacity":"","overlay-gradient":""}},"footnotes":""},"class_list":["post-1128","page","type-page","status-publish","hentry"],"aioseo_notices":[],"_links":{"self":[{"href":"https:\/\/corposalud.merida.gob.ve\/index.php\/wp-json\/wp\/v2\/pages\/1128","targetHints":{"allow":["GET"]}}],"collection":[{"href":"https:\/\/corposalud.merida.gob.ve\/index.php\/wp-json\/wp\/v2\/pages"}],"about":[{"href":"https:\/\/corposalud.merida.gob.ve\/index.php\/wp-json\/wp\/v2\/types\/page"}],"author":[{"embeddable":true,"href":"https:\/\/corposalud.merida.gob.ve\/index.php\/wp-json\/wp\/v2\/users\/4"}],"replies":[{"embeddable":true,"href":"https:\/\/corposalud.merida.gob.ve\/index.php\/wp-json\/wp\/v2\/comments?post=1128"}],"version-history":[{"count":0,"href":"https:\/\/corposalud.merida.gob.ve\/index.php\/wp-json\/wp\/v2\/pages\/1128\/revisions"}],"wp:attachment":[{"href":"https:\/\/corposalud.merida.gob.ve\/index.php\/wp-json\/wp\/v2\/media?parent=1128"}],"curies":[{"name":"wp","href":"https:\/\/api.w.org\/{rel}","templated":true}]}}