{"id":439,"date":"2018-07-27T13:50:53","date_gmt":"2018-07-27T13:50:53","guid":{"rendered":"https:\/\/corposalud.merida.gob.ve\/?page_id=439"},"modified":"2022-05-11T16:10:59","modified_gmt":"2022-05-11T16:10:59","slug":"organigrama-micro-coordinacion-estadal-de-epidemiologia","status":"publish","type":"page","link":"https:\/\/corposalud.merida.gob.ve\/index.php\/organigrama-micro-coordinacion-estadal-de-epidemiologia\/","title":{"rendered":"Organigrama Coordinaci\u00f3n Estadal De Epidemiolog\u00eda"},"content":{"rendered":"\t\t<div data-elementor-type=\"wp-post\" data-elementor-id=\"439\" class=\"elementor elementor-439\" data-elementor-post-type=\"page\">\n\t\t\t\t\t\t<section class=\"has_eae_slider elementor-section elementor-top-section elementor-element elementor-element-87326f1 elementor-section-stretched elementor-section-boxed elementor-section-height-default elementor-section-height-default\" data-id=\"87326f1\" data-element_type=\"section\" data-settings=\"{&quot;stretch_section&quot;:&quot;section-stretched&quot;}\">\n\t\t\t\t\t\t<div class=\"elementor-container elementor-column-gap-default\">\n\t\t\t\t\t<div class=\"has_eae_slider elementor-column elementor-col-100 elementor-top-column elementor-element elementor-element-538c535\" data-id=\"538c535\" data-element_type=\"column\">\n\t\t\t<div class=\"elementor-widget-wrap elementor-element-populated\">\n\t\t\t\t\t\t<div class=\"elementor-element elementor-element-d87e0fb elementor-invisible elementor-widget elementor-widget-heading\" data-id=\"d87e0fb\" data-element_type=\"widget\" data-settings=\"{&quot;_animation&quot;:&quot;fadeInDown&quot;}\" data-widget_type=\"heading.default\">\n\t\t\t\t<div class=\"elementor-widget-container\">\n\t\t\t\t\t<h2 class=\"elementor-heading-title elementor-size-medium\">Coordinaci\u00f3n Estadal De Epidemiolog\u00eda<\/h2>\t\t\t\t<\/div>\n\t\t\t\t<\/div>\n\t\t\t\t\t<\/div>\n\t\t<\/div>\n\t\t\t\t\t<\/div>\n\t\t<\/section>\n\t\t\t\t<section class=\"has_eae_slider elementor-section elementor-top-section elementor-element elementor-element-40a4c11 elementor-section-stretched elementor-section-boxed elementor-section-height-default elementor-section-height-default\" data-id=\"40a4c11\" data-element_type=\"section\" data-settings=\"{&quot;stretch_section&quot;:&quot;section-stretched&quot;}\">\n\t\t\t\t\t\t<div class=\"elementor-container elementor-column-gap-default\">\n\t\t\t\t\t<div class=\"has_eae_slider elementor-column elementor-col-100 elementor-top-column elementor-element elementor-element-6d02f3f\" data-id=\"6d02f3f\" data-element_type=\"column\">\n\t\t\t<div class=\"elementor-widget-wrap elementor-element-populated\">\n\t\t\t\t\t\t<div class=\"elementor-element elementor-element-1392612 elementor-widget elementor-widget-spacer\" data-id=\"1392612\" data-element_type=\"widget\" data-widget_type=\"spacer.default\">\n\t\t\t\t<div class=\"elementor-widget-container\">\n\t\t\t\t\t\t\t<div class=\"elementor-spacer\">\n\t\t\t<div class=\"elementor-spacer-inner\"><\/div>\n\t\t<\/div>\n\t\t\t\t\t\t<\/div>\n\t\t\t\t<\/div>\n\t\t\t\t<section class=\"has_eae_slider elementor-section elementor-inner-section elementor-element elementor-element-4658348 elementor-section-content-middle elementor-section-boxed elementor-section-height-default elementor-section-height-default\" data-id=\"4658348\" data-element_type=\"section\">\n\t\t\t\t\t\t<div class=\"elementor-container elementor-column-gap-default\">\n\t\t\t\t\t<div class=\"has_eae_slider elementor-column elementor-col-50 elementor-inner-column elementor-element elementor-element-e57d1f2\" data-id=\"e57d1f2\" data-element_type=\"column\">\n\t\t\t<div class=\"elementor-widget-wrap elementor-element-populated\">\n\t\t\t\t\t\t<div class=\"elementor-element elementor-element-d18c308 elementor-invisible elementor-widget elementor-widget-text-editor\" data-id=\"d18c308\" data-element_type=\"widget\" data-settings=\"{&quot;_animation&quot;:&quot;fadeInLeft&quot;}\" data-widget_type=\"text-editor.default\">\n\t\t\t\t<div class=\"elementor-widget-container\">\n\t\t\t\t\t\t\t\t\t<h1 style=\"text-align: center;\">Objetivo<\/h1><p>Fortalecer las acciones dirigidas al conocimiento oportuno de la situaci\u00f3n de salud, vigilancia epidemiol\u00f3gica, evaluaci\u00f3n del impacto de salud y definir problemas prioritarios de salud para dar soporte t\u00e9cnico al dise\u00f1o y ejecuci\u00f3n de las pol\u00edticas de salud, nacional y estadal, que sirvan de apoyo fundamental a la toma de decisiones.<\/p>\t\t\t\t\t\t\t\t<\/div>\n\t\t\t\t<\/div>\n\t\t\t\t\t<\/div>\n\t\t<\/div>\n\t\t\t\t<div class=\"has_eae_slider elementor-column elementor-col-50 elementor-inner-column elementor-element elementor-element-f826e57\" data-id=\"f826e57\" data-element_type=\"column\">\n\t\t\t<div class=\"elementor-widget-wrap elementor-element-populated\">\n\t\t\t\t\t\t<div class=\"elementor-element elementor-element-8528a75 elementor-invisible elementor-widget elementor-widget-image\" data-id=\"8528a75\" data-element_type=\"widget\" data-settings=\"{&quot;_animation&quot;:&quot;fadeInLeft&quot;}\" data-widget_type=\"image.default\">\n\t\t\t\t<div class=\"elementor-widget-container\">\n\t\t\t\t\t\t\t\t\t\t\t\t\t\t\t<img fetchpriority=\"high\" decoding=\"async\" width=\"235\" height=\"231\" src=\"https:\/\/corposalud.merida.gob.ve\/wp-content\/uploads\/2018\/08\/objetivos.png\" class=\"attachment-large size-large wp-image-757\" alt=\"\" \/>\t\t\t\t\t\t\t\t\t\t\t\t\t\t\t<\/div>\n\t\t\t\t<\/div>\n\t\t\t\t\t<\/div>\n\t\t<\/div>\n\t\t\t\t\t<\/div>\n\t\t<\/section>\n\t\t\t\t<div class=\"elementor-element elementor-element-15054ab elementor-invisible elementor-widget elementor-widget-text-editor\" data-id=\"15054ab\" data-element_type=\"widget\" data-settings=\"{&quot;_animation&quot;:&quot;fadeInUp&quot;}\" data-widget_type=\"text-editor.default\">\n\t\t\t\t<div class=\"elementor-widget-container\">\n\t\t\t\t\t\t\t\t\t<h1 style=\"text-align: center;\">Funciones Espec\u00edficas<\/h1><p>\u2666 Planificar, formular acciones, controlar t\u00e9cnicamente, supervisar y evaluar la implementaci\u00f3n de pol\u00edticas de salud, en concordancia con las normas, pautas y procedimientos nacionales.<\/p><p>\u2666 Realizar el an\u00e1lisis de la situaci\u00f3n de salud, identificando problemas prioritarios y sus determinantes, por municipios.<\/p><p>\u2666 Desarrollar, implementar y mantener el sistema de vigilancia epidemiol\u00f3gica de enfermedades transmisibles, no transmisibles y del ambiente en todos los establecimientos de salud del Estado.<\/p><p>\u2666 Operacionalizar el sistema de informaci\u00f3n que abarque: SISMAI, estad\u00edsticas mortalidad y natalidad, otras (estad\u00edsticas demogr\u00e1ficas, informaci\u00f3n social, econ\u00f3mica, ambiental, de recursos y servicios.<\/p><p>\u2666Capacitar y adiestrar el recurso humano (trabajadores y comunidad) en el \u00e1rea de la Epidemiolog\u00eda.<\/p><p>\u2666Acompa\u00f1amientos, orientaci\u00f3n y evaluaci\u00f3n de las actividades epidemiol\u00f3gicas en los diferentes niveles de la organizaci\u00f3n.<\/p><p>\u2666Contribuir al mejoramiento de la VE de los programas de salud p\u00fablica particularmente (materno-infantil, Adolescentes, PS, TBC, Zoonosis, ITSVIH\/SIDA, Higiene de Alimentos y Control Sanitario, Dermatolog\u00eda sanitaria, Accidentes, Diabetes, Cardiovasculares, Laboratorio, Salud mental).<\/p><p>\u2666Coordinaci\u00f3n de actividades con Saneamiento Ambiental para la lucha de enfermedades end\u00e9micas.<\/p><p>\u2666Contribuir al mejoramiento de la red de atenci\u00f3n m\u00e9dica hospitalaria y ambulatoria del estado M\u00e9rida.<\/p><p>\u2666Contribuir al desarrollo de sistemas de evaluaci\u00f3n y vigilancia de la situaci\u00f3n de salud de los diferentes sectores de la poblaci\u00f3n seg\u00fan las condiciones de vida.<\/p><p>\u2666Fortalecimiento de la capacidad de an\u00e1lisis de la SS, con \u00e9nfasis en las desigualdades e inequidades para evaluar los cambios coyunturales y las tendencias a largo plazo.<\/p><p>\u2666 An\u00e1lisis Situacional de salud (ASIS) para identificaci\u00f3n de perfiles de problemas prioritarios en diferentes grupos de poblaci\u00f3n.<\/p>\t\t\t\t\t\t\t\t<\/div>\n\t\t\t\t<\/div>\n\t\t\t\t\t<\/div>\n\t\t<\/div>\n\t\t\t\t\t<\/div>\n\t\t<\/section>\n\t\t\t\t<\/div>\n\t\t","protected":false},"excerpt":{"rendered":"<p>Coordinaci\u00f3n Estadal De Epidemiolog\u00eda Objetivo Fortalecer las acciones dirigidas al conocimiento oportuno de la situaci\u00f3n de salud, vigilancia epidemiol\u00f3gica, evaluaci\u00f3n del impacto de salud y definir problemas prioritarios de salud para dar soporte t\u00e9cnico al dise\u00f1o y ejecuci\u00f3n de las pol\u00edticas de salud, nacional y estadal, que sirvan de apoyo fundamental a la toma de [&hellip;]<\/p>\n","protected":false},"author":4,"featured_media":0,"parent":0,"menu_order":0,"comment_status":"closed","ping_status":"closed","template":"elementor_header_footer","meta":{"_monsterinsights_skip_tracking":false,"_monsterinsights_sitenote_active":false,"_monsterinsights_sitenote_note":"","_monsterinsights_sitenote_category":0,"site-sidebar-layout":"default","site-content-layout":"","ast-site-content-layout":"default","site-content-style":"default","site-sidebar-style":"default","ast-global-header-display":"","ast-banner-title-visibility":"","ast-main-header-display":"","ast-hfb-above-header-display":"","ast-hfb-below-header-display":"","ast-hfb-mobile-header-display":"","site-post-title":"","ast-breadcrumbs-content":"","ast-featured-img":"","footer-sml-layout":"","ast-disable-related-posts":"","theme-transparent-header-meta":"","adv-header-id-meta":"","stick-header-meta":"","header-above-stick-meta":"","header-main-stick-meta":"","header-below-stick-meta":"","astra-migrate-meta-layouts":"default","ast-page-background-enabled":"default","ast-page-background-meta":{"desktop":{"background-color":"","background-image":"","background-repeat":"repeat","background-position":"center center","background-size":"auto","background-attachment":"scroll","background-type":"","background-media":"","overlay-type":"","overlay-color":"","overlay-opacity":"","overlay-gradient":""},"tablet":{"background-color":"","background-image":"","background-repeat":"repeat","background-position":"center center","background-size":"auto","background-attachment":"scroll","background-type":"","background-media":"","overlay-type":"","overlay-color":"","overlay-opacity":"","overlay-gradient":""},"mobile":{"background-color":"","background-image":"","background-repeat":"repeat","background-position":"center center","background-size":"auto","background-attachment":"scroll","background-type":"","background-media":"","overlay-type":"","overlay-color":"","overlay-opacity":"","overlay-gradient":""}},"ast-content-background-meta":{"desktop":{"background-color":"var(--ast-global-color-5)","background-image":"","background-repeat":"repeat","background-position":"center center","background-size":"auto","background-attachment":"scroll","background-type":"","background-media":"","overlay-type":"","overlay-color":"","overlay-opacity":"","overlay-gradient":""},"tablet":{"background-color":"var(--ast-global-color-5)","background-image":"","background-repeat":"repeat","background-position":"center center","background-size":"auto","background-attachment":"scroll","background-type":"","background-media":"","overlay-type":"","overlay-color":"","overlay-opacity":"","overlay-gradient":""},"mobile":{"background-color":"var(--ast-global-color-5)","background-image":"","background-repeat":"repeat","background-position":"center center","background-size":"auto","background-attachment":"scroll","background-type":"","background-media":"","overlay-type":"","overlay-color":"","overlay-opacity":"","overlay-gradient":""}},"footnotes":""},"class_list":["post-439","page","type-page","status-publish","hentry"],"aioseo_notices":[],"_links":{"self":[{"href":"https:\/\/corposalud.merida.gob.ve\/index.php\/wp-json\/wp\/v2\/pages\/439","targetHints":{"allow":["GET"]}}],"collection":[{"href":"https:\/\/corposalud.merida.gob.ve\/index.php\/wp-json\/wp\/v2\/pages"}],"about":[{"href":"https:\/\/corposalud.merida.gob.ve\/index.php\/wp-json\/wp\/v2\/types\/page"}],"author":[{"embeddable":true,"href":"https:\/\/corposalud.merida.gob.ve\/index.php\/wp-json\/wp\/v2\/users\/4"}],"replies":[{"embeddable":true,"href":"https:\/\/corposalud.merida.gob.ve\/index.php\/wp-json\/wp\/v2\/comments?post=439"}],"version-history":[{"count":0,"href":"https:\/\/corposalud.merida.gob.ve\/index.php\/wp-json\/wp\/v2\/pages\/439\/revisions"}],"wp:attachment":[{"href":"https:\/\/corposalud.merida.gob.ve\/index.php\/wp-json\/wp\/v2\/media?parent=439"}],"curies":[{"name":"wp","href":"https:\/\/api.w.org\/{rel}","templated":true}]}}