{"id":449,"date":"2018-07-27T14:08:44","date_gmt":"2018-07-27T14:08:44","guid":{"rendered":"https:\/\/corposalud.merida.gob.ve\/?page_id=449"},"modified":"2022-05-11T15:40:08","modified_gmt":"2022-05-11T15:40:08","slug":"organigrama-micro-coordinacion-estadal-de-programas","status":"publish","type":"page","link":"https:\/\/corposalud.merida.gob.ve\/index.php\/organigrama-micro-coordinacion-estadal-de-programas\/","title":{"rendered":"Organigrama Coordinaci\u00f3n Estadal De Programas"},"content":{"rendered":"\t\t<div data-elementor-type=\"wp-post\" data-elementor-id=\"449\" class=\"elementor elementor-449\" data-elementor-post-type=\"page\">\n\t\t\t\t\t\t<section class=\"has_eae_slider elementor-section elementor-top-section elementor-element elementor-element-81d466f elementor-section-stretched elementor-section-full_width elementor-section-height-default elementor-section-height-default\" data-id=\"81d466f\" data-element_type=\"section\" data-settings=\"{&quot;stretch_section&quot;:&quot;section-stretched&quot;}\">\n\t\t\t\t\t\t<div class=\"elementor-container elementor-column-gap-default\">\n\t\t\t\t\t<div class=\"has_eae_slider elementor-column elementor-col-100 elementor-top-column elementor-element elementor-element-1533943\" data-id=\"1533943\" data-element_type=\"column\">\n\t\t\t<div class=\"elementor-widget-wrap elementor-element-populated\">\n\t\t\t\t\t\t<div class=\"elementor-element elementor-element-3c0e585 elementor-invisible elementor-widget elementor-widget-heading\" data-id=\"3c0e585\" data-element_type=\"widget\" data-settings=\"{&quot;_animation&quot;:&quot;fadeInDown&quot;}\" data-widget_type=\"heading.default\">\n\t\t\t\t<div class=\"elementor-widget-container\">\n\t\t\t\t\t<h2 class=\"elementor-heading-title elementor-size-medium\">Coordinaci\u00f3n Estadal De Programas<\/h2>\t\t\t\t<\/div>\n\t\t\t\t<\/div>\n\t\t\t\t\t<\/div>\n\t\t<\/div>\n\t\t\t\t\t<\/div>\n\t\t<\/section>\n\t\t\t\t<section class=\"has_eae_slider elementor-section elementor-top-section elementor-element elementor-element-ebf1236 elementor-section-stretched elementor-section-boxed elementor-section-height-default elementor-section-height-default\" data-id=\"ebf1236\" data-element_type=\"section\" data-settings=\"{&quot;stretch_section&quot;:&quot;section-stretched&quot;}\">\n\t\t\t\t\t\t<div class=\"elementor-container elementor-column-gap-default\">\n\t\t\t\t\t<div class=\"has_eae_slider elementor-column elementor-col-100 elementor-top-column elementor-element elementor-element-33763b3\" data-id=\"33763b3\" data-element_type=\"column\">\n\t\t\t<div class=\"elementor-widget-wrap elementor-element-populated\">\n\t\t\t\t\t\t<section class=\"has_eae_slider elementor-section elementor-inner-section elementor-element elementor-element-b9e07ad elementor-section-content-middle elementor-section-boxed elementor-section-height-default elementor-section-height-default\" data-id=\"b9e07ad\" data-element_type=\"section\">\n\t\t\t\t\t\t<div class=\"elementor-container elementor-column-gap-default\">\n\t\t\t\t\t<div class=\"has_eae_slider elementor-column elementor-col-50 elementor-inner-column elementor-element elementor-element-a7db364\" data-id=\"a7db364\" data-element_type=\"column\">\n\t\t\t<div class=\"elementor-widget-wrap elementor-element-populated\">\n\t\t\t\t\t\t<div class=\"elementor-element elementor-element-30b24cc elementor-invisible elementor-widget elementor-widget-text-editor\" data-id=\"30b24cc\" data-element_type=\"widget\" data-settings=\"{&quot;_animation&quot;:&quot;fadeInLeft&quot;}\" data-widget_type=\"text-editor.default\">\n\t\t\t\t<div class=\"elementor-widget-container\">\n\t\t\t\t\t\t\t\t\t<h1 style=\"text-align: center;\">Objetivo<\/h1><p>Coordinar la planificaci\u00f3n, ejecuci\u00f3n y evaluaci\u00f3n de todos los Programas de Salud que se desarrollan en la Corporaci\u00f3n de Salud del estado M\u00e9rida, garantizando los servicios de prevenci\u00f3n, promoci\u00f3n, atenci\u00f3n y rehabilitaci\u00f3n, oportunos y adecuados en cantidad y calidad suficientes para toda la poblaci\u00f3n a trav\u00e9s de la red de servicios permitiendo extender la cobertura y fortaleciendo la capacidad resolutiva local alcanzando a los grupos m\u00e1s vulnerables.<\/p>\t\t\t\t\t\t\t\t<\/div>\n\t\t\t\t<\/div>\n\t\t\t\t\t<\/div>\n\t\t<\/div>\n\t\t\t\t<div class=\"has_eae_slider elementor-column elementor-col-50 elementor-inner-column elementor-element elementor-element-e5f4f79\" data-id=\"e5f4f79\" data-element_type=\"column\">\n\t\t\t<div class=\"elementor-widget-wrap elementor-element-populated\">\n\t\t\t\t\t\t<div class=\"elementor-element elementor-element-95de89e elementor-invisible elementor-widget elementor-widget-image\" data-id=\"95de89e\" data-element_type=\"widget\" data-settings=\"{&quot;_animation&quot;:&quot;fadeInRight&quot;}\" data-widget_type=\"image.default\">\n\t\t\t\t<div class=\"elementor-widget-container\">\n\t\t\t\t\t\t\t\t\t\t\t\t\t\t\t<img fetchpriority=\"high\" decoding=\"async\" width=\"235\" height=\"231\" src=\"https:\/\/corposalud.merida.gob.ve\/wp-content\/uploads\/2018\/08\/objetivos.png\" class=\"attachment-large size-large wp-image-757\" alt=\"\" \/>\t\t\t\t\t\t\t\t\t\t\t\t\t\t\t<\/div>\n\t\t\t\t<\/div>\n\t\t\t\t\t<\/div>\n\t\t<\/div>\n\t\t\t\t\t<\/div>\n\t\t<\/section>\n\t\t\t\t<div class=\"elementor-element elementor-element-72051c2 elementor-invisible elementor-widget elementor-widget-text-editor\" data-id=\"72051c2\" data-element_type=\"widget\" data-settings=\"{&quot;_animation&quot;:&quot;fadeInUp&quot;}\" data-widget_type=\"text-editor.default\">\n\t\t\t\t<div class=\"elementor-widget-container\">\n\t\t\t\t\t\t\t\t\t<h1 style=\"text-align: center;\">Funciones Espec\u00edficas<\/h1><p><br \/>\u2666Apoyar en la elaboraci\u00f3n de pol\u00edticas Estadales en atenci\u00f3n en salud en todos los ciclos de vida, seg\u00fan necesidades espec\u00edficas referidas a condiciones socioecon\u00f3micas, g\u00e9nero, territorio y clases social.<\/p><p><br \/>\u2666Dirigir y coordinar las pol\u00edticas de gesti\u00f3n para los diferentes Programas de Salud.<\/p><p><br \/>\u2666Dise\u00f1ar y coordinar las pol\u00edticas de planificaci\u00f3n seguimiento y evaluaci\u00f3n de los programas de salud considerando ciclo de vida, g\u00e9nero, territorio social y etnia.<br \/>\u2666Analizar la situaci\u00f3n en el sector salud y su determinante en conjuntos con las autoridades del sector salud del estado M\u00e9rida para decidir las intervenciones program\u00e1ticas e implementar pol\u00edticas ajustadas a las necesidades en salud.<\/p><p><br \/>\u2666Priorizar problemas de salud en atenci\u00f3n a las necesidades de la poblaci\u00f3n niveles de atenci\u00f3n y grupos de riesgo asociados a las intervenciones en salud.<\/p><p><br \/>\u2666 Coordinar y elaborar en conjunto con los diferentes programas planes estrat\u00e9gicos para garantizar la salud de la poblaci\u00f3n con base en el an\u00e1lisis de la situaci\u00f3n de salud estableciendo prioridades seg\u00fan los problemas en riego.<\/p><p><br \/>\u2666 Coordinar, formular y desarrollar los Programas de Salud para la Prevenci\u00f3n y Control de los problemas de salud bajo enfoques de integridad universalidad, equidad y calidad.<\/p><p><br \/>\u2666 Establecer las normativas para el cumplimiento de los programas de salud en el estado M\u00e9rida.<\/p><p><br \/>\u2666 Promover la educaci\u00f3n y participaci\u00f3n comunitaria mediante el desarrollo de estrategias de Prevenci\u00f3n y Promoci\u00f3n de la Salud.<\/p><p><br \/>\u2666Coordinar conjuntamente con la Direcci\u00f3n de Redes de Salud Ambulatoria y Hospitalaria las pol\u00edticas del suministro de medicamento y dem\u00e1s materiales necesarios para garantizar la salud a toda la poblaci\u00f3n a trav\u00e9s de todos los programas que se requieran.\u00a0<\/p>\t\t\t\t\t\t\t\t<\/div>\n\t\t\t\t<\/div>\n\t\t\t\t\t<\/div>\n\t\t<\/div>\n\t\t\t\t\t<\/div>\n\t\t<\/section>\n\t\t\t\t<\/div>\n\t\t","protected":false},"excerpt":{"rendered":"<p>Coordinaci\u00f3n Estadal De Programas Objetivo Coordinar la planificaci\u00f3n, ejecuci\u00f3n y evaluaci\u00f3n de todos los Programas de Salud que se desarrollan en la Corporaci\u00f3n de Salud del estado M\u00e9rida, garantizando los servicios de prevenci\u00f3n, promoci\u00f3n, atenci\u00f3n y rehabilitaci\u00f3n, oportunos y adecuados en cantidad y calidad suficientes para toda la poblaci\u00f3n a trav\u00e9s de la red de [&hellip;]<\/p>\n","protected":false},"author":4,"featured_media":0,"parent":0,"menu_order":0,"comment_status":"closed","ping_status":"closed","template":"elementor_header_footer","meta":{"_monsterinsights_skip_tracking":false,"_monsterinsights_sitenote_active":false,"_monsterinsights_sitenote_note":"","_monsterinsights_sitenote_category":0,"site-sidebar-layout":"default","site-content-layout":"","ast-site-content-layout":"default","site-content-style":"default","site-sidebar-style":"default","ast-global-header-display":"","ast-banner-title-visibility":"","ast-main-header-display":"","ast-hfb-above-header-display":"","ast-hfb-below-header-display":"","ast-hfb-mobile-header-display":"","site-post-title":"","ast-breadcrumbs-content":"","ast-featured-img":"","footer-sml-layout":"","ast-disable-related-posts":"","theme-transparent-header-meta":"","adv-header-id-meta":"","stick-header-meta":"","header-above-stick-meta":"","header-main-stick-meta":"","header-below-stick-meta":"","astra-migrate-meta-layouts":"default","ast-page-background-enabled":"default","ast-page-background-meta":{"desktop":{"background-color":"","background-image":"","background-repeat":"repeat","background-position":"center center","background-size":"auto","background-attachment":"scroll","background-type":"","background-media":"","overlay-type":"","overlay-color":"","overlay-opacity":"","overlay-gradient":""},"tablet":{"background-color":"","background-image":"","background-repeat":"repeat","background-position":"center center","background-size":"auto","background-attachment":"scroll","background-type":"","background-media":"","overlay-type":"","overlay-color":"","overlay-opacity":"","overlay-gradient":""},"mobile":{"background-color":"","background-image":"","background-repeat":"repeat","background-position":"center center","background-size":"auto","background-attachment":"scroll","background-type":"","background-media":"","overlay-type":"","overlay-color":"","overlay-opacity":"","overlay-gradient":""}},"ast-content-background-meta":{"desktop":{"background-color":"var(--ast-global-color-5)","background-image":"","background-repeat":"repeat","background-position":"center center","background-size":"auto","background-attachment":"scroll","background-type":"","background-media":"","overlay-type":"","overlay-color":"","overlay-opacity":"","overlay-gradient":""},"tablet":{"background-color":"var(--ast-global-color-5)","background-image":"","background-repeat":"repeat","background-position":"center center","background-size":"auto","background-attachment":"scroll","background-type":"","background-media":"","overlay-type":"","overlay-color":"","overlay-opacity":"","overlay-gradient":""},"mobile":{"background-color":"var(--ast-global-color-5)","background-image":"","background-repeat":"repeat","background-position":"center center","background-size":"auto","background-attachment":"scroll","background-type":"","background-media":"","overlay-type":"","overlay-color":"","overlay-opacity":"","overlay-gradient":""}},"footnotes":""},"class_list":["post-449","page","type-page","status-publish","hentry"],"aioseo_notices":[],"_links":{"self":[{"href":"https:\/\/corposalud.merida.gob.ve\/index.php\/wp-json\/wp\/v2\/pages\/449","targetHints":{"allow":["GET"]}}],"collection":[{"href":"https:\/\/corposalud.merida.gob.ve\/index.php\/wp-json\/wp\/v2\/pages"}],"about":[{"href":"https:\/\/corposalud.merida.gob.ve\/index.php\/wp-json\/wp\/v2\/types\/page"}],"author":[{"embeddable":true,"href":"https:\/\/corposalud.merida.gob.ve\/index.php\/wp-json\/wp\/v2\/users\/4"}],"replies":[{"embeddable":true,"href":"https:\/\/corposalud.merida.gob.ve\/index.php\/wp-json\/wp\/v2\/comments?post=449"}],"version-history":[{"count":0,"href":"https:\/\/corposalud.merida.gob.ve\/index.php\/wp-json\/wp\/v2\/pages\/449\/revisions"}],"wp:attachment":[{"href":"https:\/\/corposalud.merida.gob.ve\/index.php\/wp-json\/wp\/v2\/media?parent=449"}],"curies":[{"name":"wp","href":"https:\/\/api.w.org\/{rel}","templated":true}]}}

Organigrama Coordinación Estadal De Programas

<div data-elementor-type="wp-post" data-elementor-id="449" class="elementor elementor-449" data-elementor-post-type="page">
						<section class="has_eae_slider elementor-section elementor-top-section elementor-element elementor-element-81d466f elementor-section-stretched elementor-section-full_width elementor-section-height-default elementor-section-height-default" data-id="81d466f" data-element_type="section" data-settings="{&quot;stretch_section&quot;:&quot;section-stretched&quot;}">
						<div class="elementor-container elementor-column-gap-default">
					<div class="has_eae_slider elementor-column elementor-col-100 elementor-top-column elementor-element elementor-element-1533943" data-id="1533943" data-element_type="column">
			<div class="elementor-widget-wrap elementor-element-populated">
						<div class="elementor-element elementor-element-3c0e585 elementor-invisible elementor-widget elementor-widget-heading" data-id="3c0e585" data-element_type="widget" data-settings="{&quot;_animation&quot;:&quot;fadeInDown&quot;}" data-widget_type="heading.default">
				<div class="elementor-widget-container">
					<h2 class="elementor-heading-title elementor-size-medium">Coordinación Estadal De Programas</h2>				</div>
				</div>
					</div>
		</div>
					</div>
		</section>
				<section class="has_eae_slider elementor-section elementor-top-section elementor-element elementor-element-ebf1236 elementor-section-stretched elementor-section-boxed elementor-section-height-default elementor-section-height-default" data-id="ebf1236" data-element_type="section" data-settings="{&quot;stretch_section&quot;:&quot;section-stretched&quot;}">
						<div class="elementor-container elementor-column-gap-default">
					<div class="has_eae_slider elementor-column elementor-col-100 elementor-top-column elementor-element elementor-element-33763b3" data-id="33763b3" data-element_type="column">
			<div class="elementor-widget-wrap elementor-element-populated">
						<section class="has_eae_slider elementor-section elementor-inner-section elementor-element elementor-element-b9e07ad elementor-section-content-middle elementor-section-boxed elementor-section-height-default elementor-section-height-default" data-id="b9e07ad" data-element_type="section">
						<div class="elementor-container elementor-column-gap-default">
					<div class="has_eae_slider elementor-column elementor-col-50 elementor-inner-column elementor-element elementor-element-a7db364" data-id="a7db364" data-element_type="column">
			<div class="elementor-widget-wrap elementor-element-populated">
						<div class="elementor-element elementor-element-30b24cc elementor-invisible elementor-widget elementor-widget-text-editor" data-id="30b24cc" data-element_type="widget" data-settings="{&quot;_animation&quot;:&quot;fadeInLeft&quot;}" data-widget_type="text-editor.default">
				<div class="elementor-widget-container">
									<h1 style="text-align: center;">Objetivo</h1><p>Coordinar la planificación, ejecución y evaluación de todos los Programas de Salud que se desarrollan en la Corporación de Salud del estado Mérida, garantizando los servicios de prevención, promoción, atención y rehabilitación, oportunos y adecuados en cantidad y calidad suficientes para toda la población a través de la red de servicios permitiendo extender la cobertura y fortaleciendo la capacidad resolutiva local alcanzando a los grupos más vulnerables.</p>								</div>
				</div>
					</div>
		</div>
				<div class="has_eae_slider elementor-column elementor-col-50 elementor-inner-column elementor-element elementor-element-e5f4f79" data-id="e5f4f79" data-element_type="column">
			<div class="elementor-widget-wrap elementor-element-populated">
						<div class="elementor-element elementor-element-95de89e elementor-invisible elementor-widget elementor-widget-image" data-id="95de89e" data-element_type="widget" data-settings="{&quot;_animation&quot;:&quot;fadeInRight&quot;}" data-widget_type="image.default">
				<div class="elementor-widget-container">
															<img fetchpriority="high" decoding="async" width="235" height="231" src="https://corposalud.merida.gob.ve/wp-content/uploads/2018/08/objetivos.png" class="attachment-large size-large wp-image-757" alt="" />															</div>
				</div>
					</div>
		</div>
					</div>
		</section>
				<div class="elementor-element elementor-element-72051c2 elementor-invisible elementor-widget elementor-widget-text-editor" data-id="72051c2" data-element_type="widget" data-settings="{&quot;_animation&quot;:&quot;fadeInUp&quot;}" data-widget_type="text-editor.default">
				<div class="elementor-widget-container">
									<h1 style="text-align: center;">Funciones Específicas</h1><p><br />♦Apoyar en la elaboración de políticas Estadales en atención en salud en todos los ciclos de vida, según necesidades específicas referidas a condiciones socioeconómicas, género, territorio y clases social.</p><p><br />♦Dirigir y coordinar las políticas de gestión para los diferentes Programas de Salud.</p><p><br />♦Diseñar y coordinar las políticas de planificación seguimiento y evaluación de los programas de salud considerando ciclo de vida, género, territorio social y etnia.<br />♦Analizar la situación en el sector salud y su determinante en conjuntos con las autoridades del sector salud del estado Mérida para decidir las intervenciones programáticas e implementar políticas ajustadas a las necesidades en salud.</p><p><br />♦Priorizar problemas de salud en atención a las necesidades de la población niveles de atención y grupos de riesgo asociados a las intervenciones en salud.</p><p><br />♦ Coordinar y elaborar en conjunto con los diferentes programas planes estratégicos para garantizar la salud de la población con base en el análisis de la situación de salud estableciendo prioridades según los problemas en riego.</p><p><br />♦ Coordinar, formular y desarrollar los Programas de Salud para la Prevención y Control de los problemas de salud bajo enfoques de integridad universalidad, equidad y calidad.</p><p><br />♦ Establecer las normativas para el cumplimiento de los programas de salud en el estado Mérida.</p><p><br />♦ Promover la educación y participación comunitaria mediante el desarrollo de estrategias de Prevención y Promoción de la Salud.</p><p><br />♦Coordinar conjuntamente con la Dirección de Redes de Salud Ambulatoria y Hospitalaria las políticas del suministro de medicamento y demás materiales necesarios para garantizar la salud a toda la población a través de todos los programas que se requieran. </p>								</div>
				</div>
					</div>
		</div>
					</div>
		</section>
				</div>

<p>Coordinación Estadal De Programas Objetivo Coordinar la planificación, ejecución y evaluación de todos los Programas de Salud que se desarrollan en la Corporación de Salud del estado Mérida, garantizando los servicios de prevención, promoción, atención y rehabilitación, oportunos y adecuados en cantidad y calidad suficientes para toda la población a través de la red de [&hellip;]</p>
